{"id":981,"date":"2022-11-19T19:37:05","date_gmt":"2022-11-19T18:37:05","guid":{"rendered":"https:\/\/www.geneacantal.fr\/?page_id=981"},"modified":"2023-03-27T15:46:22","modified_gmt":"2023-03-27T13:46:22","slug":"chroniques-de-famille","status":"publish","type":"page","link":"https:\/\/www.geneacantal.fr\/index.php\/chroniques-de-famille\/","title":{"rendered":"Chroniques de Familles"},"content":{"rendered":"\n<p><em><a href=\"https:\/\/www.geneacantal.fr\/index.php\/histoires-du-cantal\/\" data-type=\"page\" data-id=\"533\">Retour : Histoire(s) du Cantal<\/a><\/em><\/p>\n\n\n\n<h2 class=\"has-text-align-center has-large-font-size wp-block-heading\"><strong>Sites internet<\/strong><\/h2>\n\n\n\n<p class=\"has-text-align-center\"><a href=\"https:\/\/www.famileo.com\/famileo\/fr-FR\/\" target=\"_blank\" rel=\"noreferrer noopener\">Famileo<\/a><\/p>\n\n\n\n<p class=\"has-text-align-center\"><a rel=\"noreferrer noopener\" href=\"https:\/\/www.geneastar.org\/\" target=\"_blank\">G\u00e9n\u00e9astar<\/a><\/p>\n\n\n\n<p class=\"has-text-align-center\"><a rel=\"noreferrer noopener\" href=\"https:\/\/www.landrucimetieres.fr\/spip\/spip.php?rubrique6\" target=\"_blank\">LandruCimeti\u00e8res<\/a> : Tombes de c\u00e9l\u00e9brit\u00e9s<\/p>\n\n\n\n<p class=\"has-text-align-center\"><a href=\"http:\/\/www.genom-online.com\/\" target=\"_blank\" rel=\"noreferrer noopener\">GenOm<\/a> : G\u00e9n\u00e9alogie &amp; origine des populations migrantes<\/p>\n\n\n\n<div style=\"height:100px\" aria-hidden=\"true\" class=\"wp-block-spacer\"><\/div>\n\n\n\n<h2 class=\"has-text-align-center has-x-large-font-size wp-block-heading\"><strong>C\u00f4t\u00e9 Biblioth\u00e8que<\/strong><\/h2>\n\n\n\n<hr class=\"wp-block-separator aligncenter has-alpha-channel-opacity is-style-wide\"\/>\n\n\n\n<h2 class=\"has-text-align-center has-large-font-size wp-block-heading\"><strong>Personnalit\u00e9s<\/strong><\/h2>\n\n\n\n<div class=\"wp-block-columns alignwide is-layout-flex wp-container-4 wp-block-columns-is-layout-flex\">\n<div class=\"wp-block-column is-layout-flow wp-block-column-is-layout-flow\"><div class=\"wp-block-image\">\n<figure class=\"aligncenter size-large is-resized\"><img decoding=\"async\" loading=\"lazy\" src=\"http:\/\/www.genea92nord.fr\/images\/GENEACANTAL\/moissinac-emile-duclaux.jpeg\" alt=\"\" width=\"302\" height=\"415\"\/><\/figure><\/div><\/div>\n\n\n\n<div class=\"wp-block-column is-layout-flow wp-block-column-is-layout-flow\"><div class=\"wp-block-image\">\n<figure class=\"aligncenter size-large is-resized\"><img decoding=\"async\" loading=\"lazy\" src=\"http:\/\/www.genea92nord.fr\/images\/GENEACANTAL\/bayard-pierlot-mary-duclaux.jpeg\" alt=\"\" width=\"282\" height=\"414\"\/><\/figure><\/div><\/div>\n\n\n\n<div class=\"wp-block-column is-layout-flow wp-block-column-is-layout-flow\"><div class=\"wp-block-image\">\n<figure class=\"aligncenter size-large is-resized\"><img decoding=\"async\" loading=\"lazy\" src=\"http:\/\/www.genea92nord.fr\/images\/GENEACANTAL\/paul-joanne.jpeg\" alt=\"\" width=\"307\" height=\"414\"\/><\/figure><\/div><\/div>\n<\/div>\n\n\n\n<div class=\"wp-block-columns alignwide is-layout-flex wp-container-7 wp-block-columns-is-layout-flex\">\n<div class=\"wp-block-column is-layout-flow wp-block-column-is-layout-flow\"><div class=\"wp-block-image\">\n<figure class=\"aligncenter size-large is-resized\"><img decoding=\"async\" loading=\"lazy\" src=\"http:\/\/www.genea92nord.fr\/images\/GENEACANTAL\/docteur-jean-lambert.jpeg\" alt=\"\" width=\"322\" height=\"429\"\/><\/figure><\/div><\/div>\n\n\n\n<div class=\"wp-block-column is-layout-flow wp-block-column-is-layout-flow\"><div class=\"wp-block-image\">\n<figure class=\"aligncenter size-large is-resized\"><img decoding=\"async\" loading=\"lazy\" src=\"http:\/\/www.genea92nord.fr\/images\/GENEACANTAL\/charles-farge-lapierre.jpeg\" alt=\"\" width=\"326\" height=\"434\"\/><\/figure><\/div><\/div>\n<\/div>\n\n\n\n<div style=\"height:100px\" aria-hidden=\"true\" class=\"wp-block-spacer\"><\/div>\n\n\n\n<h2 class=\"has-text-align-center has-large-font-size wp-block-heading\"><strong>Religion<\/strong><\/h2>\n\n\n\n<div class=\"wp-block-columns alignwide is-layout-flex wp-container-9 wp-block-columns-is-layout-flex\">\n<div class=\"wp-block-column is-layout-flow wp-block-column-is-layout-flow\"><div class=\"wp-block-image\">\n<figure class=\"aligncenter size-large is-resized\"><img decoding=\"async\" loading=\"lazy\" src=\"http:\/\/www.genea92nord.fr\/images\/GENEACANTAL\/abbe-serres-catinon-menette.jpeg\" alt=\"\" width=\"306\" height=\"433\"\/><\/figure><\/div><\/div>\n<\/div>\n\n\n\n<div style=\"height:100px\" aria-hidden=\"true\" class=\"wp-block-spacer\"><\/div>\n\n\n\n<h2 class=\"has-text-align-center has-large-font-size wp-block-heading\"><strong>Fiefs Familiaux<\/strong><\/h2>\n\n\n\n<div class=\"wp-block-columns alignwide is-layout-flex wp-container-12 wp-block-columns-is-layout-flex\">\n<div class=\"wp-block-column is-layout-flow wp-block-column-is-layout-flow\"><div class=\"wp-block-image\">\n<figure class=\"aligncenter size-large is-resized\"><img decoding=\"async\" loading=\"lazy\" src=\"http:\/\/www.genea92nord.fr\/images\/GENEACANTAL\/baronnie-valmier.jpeg\" alt=\"\" width=\"321\" height=\"435\"\/><\/figure><\/div><\/div>\n\n\n\n<div class=\"wp-block-column is-layout-flow wp-block-column-is-layout-flow\"><div class=\"wp-block-image\">\n<figure class=\"aligncenter size-large is-resized\"><img decoding=\"async\" loading=\"lazy\" src=\"http:\/\/www.genea92nord.fr\/images\/GENEACANTAL\/sarret-pages-vixouze.jpeg\" alt=\"\" width=\"303\" height=\"434\"\/><\/figure><\/div><\/div>\n<\/div>\n\n\n\n<div style=\"height:100px\" aria-hidden=\"true\" class=\"wp-block-spacer\"><\/div>\n\n\n\n<h2 class=\"has-text-align-center has-large-font-size wp-block-heading\"><strong>Emigration auvergnate<\/strong><\/h2>\n\n\n\n<div class=\"wp-block-columns alignwide is-layout-flex wp-container-16 wp-block-columns-is-layout-flex\">\n<div class=\"wp-block-column is-layout-flow wp-block-column-is-layout-flow\"><div class=\"wp-block-image\">\n<figure class=\"aligncenter size-large is-resized\"><img decoding=\"async\" loading=\"lazy\" src=\"http:\/\/www.genea92nord.fr\/images\/GENEACANTAL\/bouche-gachon-jean-claustre.jpeg\" alt=\"\" width=\"300\" height=\"432\"\/><\/figure><\/div><\/div>\n\n\n\n<div class=\"wp-block-column is-layout-flow wp-block-column-is-layout-flow\"><div class=\"wp-block-image\">\n<figure class=\"aligncenter size-large is-resized\"><img decoding=\"async\" loading=\"lazy\" src=\"http:\/\/www.genea92nord.fr\/images\/GENEACANTAL\/centenaire-auvergnats-paris.jpeg\" alt=\"\" width=\"315\" height=\"433\"\/><\/figure><\/div><\/div>\n\n\n\n<div class=\"wp-block-column is-layout-flow wp-block-column-is-layout-flow\"><div class=\"wp-block-image\">\n<figure class=\"aligncenter size-large is-resized\"><img decoding=\"async\" loading=\"lazy\" src=\"http:\/\/www.genea92nord.fr\/images\/GENEACANTAL\/cornet-histoire-famille-migrants-cantal.jpeg\" alt=\"\" width=\"303\" height=\"436\"\/><\/figure><\/div><\/div>\n<\/div>\n\n\n\n<p class=\"has-text-align-right\"><a href=\"https:\/\/www.geneacantal.fr\/index.php\/chroniques-de-famille\/\" data-type=\"page\" data-id=\"981\"><em>Haut de page<\/em><\/a><\/p>\n","protected":false},"excerpt":{"rendered":"<p>Retour : Histoire(s) du Cantal Sites internet Famileo G\u00e9n\u00e9astar LandruCimeti\u00e8res : Tombes de c\u00e9l\u00e9brit\u00e9s GenOm : G\u00e9n\u00e9alogie &amp; origine des populations migrantes C\u00f4t\u00e9 Biblioth\u00e8que Personnalit\u00e9s Religion Fiefs Familiaux Emigration auvergnate Haut de page<\/p>\n","protected":false},"author":1,"featured_media":0,"parent":0,"menu_order":0,"comment_status":"closed","ping_status":"closed","template":"","meta":{"footnotes":""},"_links":{"self":[{"href":"https:\/\/www.geneacantal.fr\/index.php\/wp-json\/wp\/v2\/pages\/981"}],"collection":[{"href":"https:\/\/www.geneacantal.fr\/index.php\/wp-json\/wp\/v2\/pages"}],"about":[{"href":"https:\/\/www.geneacantal.fr\/index.php\/wp-json\/wp\/v2\/types\/page"}],"author":[{"embeddable":true,"href":"https:\/\/www.geneacantal.fr\/index.php\/wp-json\/wp\/v2\/users\/1"}],"replies":[{"embeddable":true,"href":"https:\/\/www.geneacantal.fr\/index.php\/wp-json\/wp\/v2\/comments?post=981"}],"version-history":[{"count":29,"href":"https:\/\/www.geneacantal.fr\/index.php\/wp-json\/wp\/v2\/pages\/981\/revisions"}],"predecessor-version":[{"id":1442,"href":"https:\/\/www.geneacantal.fr\/index.php\/wp-json\/wp\/v2\/pages\/981\/revisions\/1442"}],"wp:attachment":[{"href":"https:\/\/www.geneacantal.fr\/index.php\/wp-json\/wp\/v2\/media?parent=981"}],"curies":[{"name":"wp","href":"https:\/\/api.w.org\/{rel}","templated":true}]}}

<p><em><a href="https://www.geneacantal.fr/index.php/histoires-du-cantal/" data-type="page" data-id="533">Retour : Histoire(s) du Cantal</a></em></p>



<h2 class="has-text-align-center has-large-font-size wp-block-heading"><strong>Sites internet</strong></h2>



<p class="has-text-align-center"><a href="https://www.famileo.com/famileo/fr-FR/" target="_blank" rel="noreferrer noopener">Famileo</a></p>



<p class="has-text-align-center"><a rel="noreferrer noopener" href="https://www.geneastar.org/" target="_blank">Généastar</a></p>



<p class="has-text-align-center"><a rel="noreferrer noopener" href="https://www.landrucimetieres.fr/spip/spip.php?rubrique6" target="_blank">LandruCimetières</a> : Tombes de célébrités</p>



<p class="has-text-align-center"><a href="http://www.genom-online.com/" target="_blank" rel="noreferrer noopener">GenOm</a> : Généalogie &amp; origine des populations migrantes</p>



<div style="height:100px" aria-hidden="true" class="wp-block-spacer"></div>



<h2 class="has-text-align-center has-x-large-font-size wp-block-heading"><strong>Côté Bibliothèque</strong></h2>



<hr class="wp-block-separator aligncenter has-alpha-channel-opacity is-style-wide"/>



<h2 class="has-text-align-center has-large-font-size wp-block-heading"><strong>Personnalités</strong></h2>



<div class="wp-block-columns alignwide is-layout-flex wp-container-4 wp-block-columns-is-layout-flex">
<div class="wp-block-column is-layout-flow wp-block-column-is-layout-flow"><div class="wp-block-image">
<figure class="aligncenter size-large is-resized"><img decoding="async" loading="lazy" src="http://www.genea92nord.fr/images/GENEACANTAL/moissinac-emile-duclaux.jpeg" alt="" width="302" height="415"/></figure></div></div>



<div class="wp-block-column is-layout-flow wp-block-column-is-layout-flow"><div class="wp-block-image">
<figure class="aligncenter size-large is-resized"><img decoding="async" loading="lazy" src="http://www.genea92nord.fr/images/GENEACANTAL/bayard-pierlot-mary-duclaux.jpeg" alt="" width="282" height="414"/></figure></div></div>



<div class="wp-block-column is-layout-flow wp-block-column-is-layout-flow"><div class="wp-block-image">
<figure class="aligncenter size-large is-resized"><img decoding="async" loading="lazy" src="http://www.genea92nord.fr/images/GENEACANTAL/paul-joanne.jpeg" alt="" width="307" height="414"/></figure></div></div>
</div>



<div class="wp-block-columns alignwide is-layout-flex wp-container-7 wp-block-columns-is-layout-flex">
<div class="wp-block-column is-layout-flow wp-block-column-is-layout-flow"><div class="wp-block-image">
<figure class="aligncenter size-large is-resized"><img decoding="async" loading="lazy" src="http://www.genea92nord.fr/images/GENEACANTAL/docteur-jean-lambert.jpeg" alt="" width="322" height="429"/></figure></div></div>



<div class="wp-block-column is-layout-flow wp-block-column-is-layout-flow"><div class="wp-block-image">
<figure class="aligncenter size-large is-resized"><img decoding="async" loading="lazy" src="http://www.genea92nord.fr/images/GENEACANTAL/charles-farge-lapierre.jpeg" alt="" width="326" height="434"/></figure></div></div>
</div>



<div style="height:100px" aria-hidden="true" class="wp-block-spacer"></div>



<h2 class="has-text-align-center has-large-font-size wp-block-heading"><strong>Religion</strong></h2>



<div class="wp-block-columns alignwide is-layout-flex wp-container-9 wp-block-columns-is-layout-flex">
<div class="wp-block-column is-layout-flow wp-block-column-is-layout-flow"><div class="wp-block-image">
<figure class="aligncenter size-large is-resized"><img decoding="async" loading="lazy" src="http://www.genea92nord.fr/images/GENEACANTAL/abbe-serres-catinon-menette.jpeg" alt="" width="306" height="433"/></figure></div></div>
</div>



<div style="height:100px" aria-hidden="true" class="wp-block-spacer"></div>



<h2 class="has-text-align-center has-large-font-size wp-block-heading"><strong>Fiefs Familiaux</strong></h2>



<div class="wp-block-columns alignwide is-layout-flex wp-container-12 wp-block-columns-is-layout-flex">
<div class="wp-block-column is-layout-flow wp-block-column-is-layout-flow"><div class="wp-block-image">
<figure class="aligncenter size-large is-resized"><img decoding="async" loading="lazy" src="http://www.genea92nord.fr/images/GENEACANTAL/baronnie-valmier.jpeg" alt="" width="321" height="435"/></figure></div></div>



<div class="wp-block-column is-layout-flow wp-block-column-is-layout-flow"><div class="wp-block-image">
<figure class="aligncenter size-large is-resized"><img decoding="async" loading="lazy" src="http://www.genea92nord.fr/images/GENEACANTAL/sarret-pages-vixouze.jpeg" alt="" width="303" height="434"/></figure></div></div>
</div>



<div style="height:100px" aria-hidden="true" class="wp-block-spacer"></div>



<h2 class="has-text-align-center has-large-font-size wp-block-heading"><strong>Emigration auvergnate</strong></h2>



<div class="wp-block-columns alignwide is-layout-flex wp-container-16 wp-block-columns-is-layout-flex">
<div class="wp-block-column is-layout-flow wp-block-column-is-layout-flow"><div class="wp-block-image">
<figure class="aligncenter size-large is-resized"><img decoding="async" loading="lazy" src="http://www.genea92nord.fr/images/GENEACANTAL/bouche-gachon-jean-claustre.jpeg" alt="" width="300" height="432"/></figure></div></div>



<div class="wp-block-column is-layout-flow wp-block-column-is-layout-flow"><div class="wp-block-image">
<figure class="aligncenter size-large is-resized"><img decoding="async" loading="lazy" src="http://www.genea92nord.fr/images/GENEACANTAL/centenaire-auvergnats-paris.jpeg" alt="" width="315" height="433"/></figure></div></div>



<div class="wp-block-column is-layout-flow wp-block-column-is-layout-flow"><div class="wp-block-image">
<figure class="aligncenter size-large is-resized"><img decoding="async" loading="lazy" src="http://www.genea92nord.fr/images/GENEACANTAL/cornet-histoire-famille-migrants-cantal.jpeg" alt="" width="303" height="436"/></figure></div></div>
</div>



<p class="has-text-align-right"><a href="https://www.geneacantal.fr/index.php/chroniques-de-famille/" data-type="page" data-id="981"><em>Haut de page</em></a></p>

<p>Retour : Histoire(s) du Cantal Sites internet Famileo Généastar LandruCimetières : Tombes de célébrités GenOm : Généalogie &amp; origine des populations migrantes Côté Bibliothèque Personnalités Religion Fiefs Familiaux Emigration auvergnate Haut de page</p>
