{"id":808,"date":"2022-11-19T13:48:41","date_gmt":"2022-11-19T12:48:41","guid":{"rendered":"https:\/\/www.geneacantal.fr\/?page_id=808"},"modified":"2023-03-27T17:26:56","modified_gmt":"2023-03-27T15:26:56","slug":"patrimoine-cantalou","status":"publish","type":"page","link":"https:\/\/www.geneacantal.fr\/index.php\/patrimoine-cantalou\/","title":{"rendered":"Patrimoine Cantalou"},"content":{"rendered":"\n<h2 class=\"has-text-align-center has-large-font-size wp-block-heading\"><strong>A visiter<\/strong><\/h2>\n\n\n\n<p class=\"has-text-align-center\"><a href=\"https:\/\/www.museemusee.com\/les-musees-de-france-par-thematique\/tradition-populaire--38.html\" target=\"_blank\" rel=\"noreferrer noopener\">Mus\u00e9es de Tradition Populaire<\/a><\/p>\n\n\n\n<div style=\"height:100px\" aria-hidden=\"true\" class=\"wp-block-spacer\"><\/div>\n\n\n\n<p class=\"has-text-align-center\"><strong>Selon l&rsquo;univers que vous souhaitez d\u00e9couvrir, cliquez sur la photo<\/strong><\/p>\n\n\n\n<div class=\"wp-block-columns is-layout-flex wp-container-3 wp-block-columns-is-layout-flex\">\n<div class=\"wp-block-column is-layout-flow wp-block-column-is-layout-flow\"><div class=\"wp-block-image\">\n<figure class=\"aligncenter size-large is-resized\"><a href=\"https:\/\/www.geneacantal.fr\/index.php\/cote-gourmet-terroir-culinaire\/\"><img decoding=\"async\" loading=\"lazy\" src=\"http:\/\/www.genea92nord.fr\/images\/GENEACANTAL\/CPA-cantal-fabrication-fromage.jpg\" alt=\"\" width=\"527\" height=\"339\"\/><\/a><\/figure><\/div>\n\n\n<h2 class=\"has-text-align-center wp-block-heading\"><strong>C\u00f4t\u00e9 Gourmet<\/strong><\/h2>\n\n\n\n<div style=\"height:100px\" aria-hidden=\"true\" class=\"wp-block-spacer\"><\/div>\n\n\n<div class=\"wp-block-image\">\n<figure class=\"aligncenter size-large is-resized\"><a href=\"https:\/\/www.geneacantal.fr\/index.php\/musique-peinture-artisanat-cantalou\/\"><img decoding=\"async\" loading=\"lazy\" src=\"http:\/\/www.genea92nord.fr\/images\/GENEACANTAL\/CPA-cantal-lecon-bourree.jpg\" alt=\"\" width=\"333\" height=\"526\"\/><\/a><\/figure><\/div>\n\n\n<h2 class=\"has-text-align-center wp-block-heading\"><strong>Musique, Peinture <\/strong><\/h2>\n\n\n\n<h2 class=\"has-text-align-center wp-block-heading\"><strong>&amp; Artisanat Cantalou<\/strong><\/h2>\n<\/div>\n\n\n\n<div class=\"wp-block-column is-layout-flow wp-block-column-is-layout-flow\">\n<div style=\"height:100px\" aria-hidden=\"true\" class=\"wp-block-spacer\"><\/div>\n\n\n<div class=\"wp-block-image\">\n<figure class=\"aligncenter size-large is-resized\"><a href=\"https:\/\/www.geneacantal.fr\/index.php\/balades-cantaliennes\/\"><img decoding=\"async\" loading=\"lazy\" src=\"http:\/\/www.genea92nord.fr\/images\/GENEACANTAL\/CPA-cantal-route-ville.jpg\" alt=\"\" width=\"523\" height=\"332\"\/><\/a><\/figure><\/div>\n\n\n<h2 class=\"has-text-align-center wp-block-heading\"><strong>Balades Cantaliennes<\/strong><\/h2>\n\n\n\n<div style=\"height:100px\" aria-hidden=\"true\" class=\"wp-block-spacer\"><\/div>\n\n\n<div class=\"wp-block-image\">\n<figure class=\"aligncenter size-large is-resized\"><a href=\"https:\/\/www.geneacantal.fr\/index.php\/patois-cantalou\/\"><img decoding=\"async\" loading=\"lazy\" src=\"http:\/\/www.genea92nord.fr\/images\/GENEACANTAL\/CPA-cantal-interieur-buron.jpg\" alt=\"\" width=\"527\" height=\"326\"\/><\/a><\/figure><\/div>\n\n\n<h2 class=\"has-text-align-center wp-block-heading\"><strong>Patois Cantalou<\/strong><\/h2>\n\n\n\n<div style=\"height:100px\" aria-hidden=\"true\" class=\"wp-block-spacer\"><\/div>\n\n\n<div class=\"wp-block-image\">\n<figure class=\"aligncenter size-large is-resized\"><a href=\"https:\/\/www.geneacantal.fr\/index.php\/monuments-cantalous\/\"><img decoding=\"async\" loading=\"lazy\" src=\"http:\/\/www.genea92nord.fr\/images\/GENEACANTAL\/CPA-cantal-chateau-sedaignes.jpg\" alt=\"\" width=\"530\" height=\"341\"\/><\/a><\/figure><\/div>\n\n\n<h2 class=\"has-text-align-center wp-block-heading\"><strong>Monuments du Cantal<\/strong><\/h2>\n<\/div>\n<\/div>\n\n\n\n<p class=\"has-text-align-right\"><a href=\"https:\/\/www.geneacantal.fr\/index.php\/patrimoine-cantalou\/\" data-type=\"page\" data-id=\"808\"><em>Haut de page<\/em><\/a><\/p>\n","protected":false},"excerpt":{"rendered":"<p>A visiter Mus\u00e9es de Tradition Populaire Selon l&rsquo;univers que vous souhaitez d\u00e9couvrir, cliquez sur la photo C\u00f4t\u00e9 Gourmet Musique, Peinture &amp; Artisanat Cantalou Balades Cantaliennes Patois Cantalou Monuments du Cantal Haut de page<\/p>\n","protected":false},"author":1,"featured_media":0,"parent":0,"menu_order":0,"comment_status":"closed","ping_status":"closed","template":"","meta":{"footnotes":""},"_links":{"self":[{"href":"https:\/\/www.geneacantal.fr\/index.php\/wp-json\/wp\/v2\/pages\/808"}],"collection":[{"href":"https:\/\/www.geneacantal.fr\/index.php\/wp-json\/wp\/v2\/pages"}],"about":[{"href":"https:\/\/www.geneacantal.fr\/index.php\/wp-json\/wp\/v2\/types\/page"}],"author":[{"embeddable":true,"href":"https:\/\/www.geneacantal.fr\/index.php\/wp-json\/wp\/v2\/users\/1"}],"replies":[{"embeddable":true,"href":"https:\/\/www.geneacantal.fr\/index.php\/wp-json\/wp\/v2\/comments?post=808"}],"version-history":[{"count":19,"href":"https:\/\/www.geneacantal.fr\/index.php\/wp-json\/wp\/v2\/pages\/808\/revisions"}],"predecessor-version":[{"id":1477,"href":"https:\/\/www.geneacantal.fr\/index.php\/wp-json\/wp\/v2\/pages\/808\/revisions\/1477"}],"wp:attachment":[{"href":"https:\/\/www.geneacantal.fr\/index.php\/wp-json\/wp\/v2\/media?parent=808"}],"curies":[{"name":"wp","href":"https:\/\/api.w.org\/{rel}","templated":true}]}}