{"id":337,"date":"2022-11-02T14:48:52","date_gmt":"2022-11-02T13:48:52","guid":{"rendered":"https:\/\/www.geneacantal.fr\/?page_id=337"},"modified":"2023-03-27T14:57:52","modified_gmt":"2023-03-27T12:57:52","slug":"calendrier-republicain","status":"publish","type":"page","link":"https:\/\/www.geneacantal.fr\/index.php\/infos-pratiques\/calendrier-republicain\/","title":{"rendered":"Calendrier R\u00e9publicain"},"content":{"rendered":"\n<p class=\"has-text-align-center\">A t\u00e9l\u00e9charger : <\/p>\n\n\n\n<div class=\"wp-block-group is-content-justification-center is-nowrap is-layout-flex wp-container-5 wp-block-group-is-layout-flex\">\n<div class=\"wp-block-group alignwide is-layout-flow wp-block-group-is-layout-flow\"><div class=\"wp-block-group__inner-container\">\n<div class=\"wp-block-columns are-vertically-aligned-center is-layout-flex wp-container-3 wp-block-columns-is-layout-flex\">\n<div class=\"wp-block-column is-vertically-aligned-center is-layout-flow wp-block-column-is-layout-flow\" style=\"flex-basis:100%\">\n<div class=\"wp-block-group alignwide is-horizontal is-content-justification-center is-layout-flex wp-container-1 wp-block-group-is-layout-flex\">\n<figure class=\"wp-block-image size-large is-resized\"><img decoding=\"async\" loading=\"lazy\" src=\"http:\/\/www.genea92nord.fr\/images\/GENEACANTAL\/calendrier%20republicain.jpg\" alt=\"\" width=\"246\" height=\"246\"\/><figcaption class=\"wp-element-caption\"><strong><a rel=\"noreferrer noopener\" href=\"http:\/\/www.geneacantal.fr\/wp-content\/uploads\/2022\/11\/Calendrier-revolutionnaire.pdf\" target=\"_blank\">Calendrier R\u00e9publicain<\/a><\/strong><\/figcaption><\/figure>\n<\/div>\n<\/div>\n<\/div>\n<\/div><\/div>\n<\/div>\n\n\n\n<p>Un petit site en ligne aussi tr\u00e8s pratique : <a rel=\"noreferrer noopener\" href=\"http:\/\/www.poissons52.fr\/histoire\/revolution1789\/calendrier_v.php\" target=\"_blank\">calendrier r\u00e9publicain<\/a><\/p>\n","protected":false},"excerpt":{"rendered":"<p>A t\u00e9l\u00e9charger : Un petit site en ligne aussi tr\u00e8s pratique : calendrier r\u00e9publicain<\/p>\n","protected":false},"author":1,"featured_media":0,"parent":225,"menu_order":0,"comment_status":"closed","ping_status":"closed","template":"","meta":{"footnotes":""},"_links":{"self":[{"href":"https:\/\/www.geneacantal.fr\/index.php\/wp-json\/wp\/v2\/pages\/337"}],"collection":[{"href":"https:\/\/www.geneacantal.fr\/index.php\/wp-json\/wp\/v2\/pages"}],"about":[{"href":"https:\/\/www.geneacantal.fr\/index.php\/wp-json\/wp\/v2\/types\/page"}],"author":[{"embeddable":true,"href":"https:\/\/www.geneacantal.fr\/index.php\/wp-json\/wp\/v2\/users\/1"}],"replies":[{"embeddable":true,"href":"https:\/\/www.geneacantal.fr\/index.php\/wp-json\/wp\/v2\/comments?post=337"}],"version-history":[{"count":8,"href":"https:\/\/www.geneacantal.fr\/index.php\/wp-json\/wp\/v2\/pages\/337\/revisions"}],"predecessor-version":[{"id":1417,"href":"https:\/\/www.geneacantal.fr\/index.php\/wp-json\/wp\/v2\/pages\/337\/revisions\/1417"}],"up":[{"embeddable":true,"href":"https:\/\/www.geneacantal.fr\/index.php\/wp-json\/wp\/v2\/pages\/225"}],"wp:attachment":[{"href":"https:\/\/www.geneacantal.fr\/index.php\/wp-json\/wp\/v2\/media?parent=337"}],"curies":[{"name":"wp","href":"https:\/\/api.w.org\/{rel}","templated":true}]}}

Calendrier Républicain

<p class="has-text-align-center">A télécharger : </p>



<div class="wp-block-group is-content-justification-center is-nowrap is-layout-flex wp-container-5 wp-block-group-is-layout-flex">
<div class="wp-block-group alignwide is-layout-flow wp-block-group-is-layout-flow"><div class="wp-block-group__inner-container">
<div class="wp-block-columns are-vertically-aligned-center is-layout-flex wp-container-3 wp-block-columns-is-layout-flex">
<div class="wp-block-column is-vertically-aligned-center is-layout-flow wp-block-column-is-layout-flow" style="flex-basis:100%">
<div class="wp-block-group alignwide is-horizontal is-content-justification-center is-layout-flex wp-container-1 wp-block-group-is-layout-flex">
<figure class="wp-block-image size-large is-resized"><img decoding="async" loading="lazy" src="http://www.genea92nord.fr/images/GENEACANTAL/calendrier%20republicain.jpg" alt="" width="246" height="246"/><figcaption class="wp-element-caption"><strong><a rel="noreferrer noopener" href="http://www.geneacantal.fr/wp-content/uploads/2022/11/Calendrier-revolutionnaire.pdf" target="_blank">Calendrier Républicain</a></strong></figcaption></figure>
</div>
</div>
</div>
</div></div>
</div>



<p>Un petit site en ligne aussi très pratique : <a rel="noreferrer noopener" href="http://www.poissons52.fr/histoire/revolution1789/calendrier_v.php" target="_blank">calendrier républicain</a></p>

<p>A télécharger : Un petit site en ligne aussi très pratique : calendrier républicain</p>
