{"id":1015,"date":"2022-11-19T20:27:51","date_gmt":"2022-11-19T19:27:51","guid":{"rendered":"https:\/\/www.geneacantal.fr\/?page_id=1015"},"modified":"2023-03-27T16:37:54","modified_gmt":"2023-03-27T14:37:54","slug":"le-cantal-hier","status":"publish","type":"page","link":"https:\/\/www.geneacantal.fr\/index.php\/le-cantal-hier\/","title":{"rendered":"Le Cantal, hier&#8230;."},"content":{"rendered":"\n<p><em><a href=\"https:\/\/www.geneacantal.fr\/index.php\/histoires-du-cantal\/\" data-type=\"page\" data-id=\"533\">Retour : Histoire(s) du Cantal<\/a><\/em><\/p>\n\n\n\n<figure class=\"wp-block-pullquote has-text-align-center\"><blockquote><p>\u00ab\u00a0Qu&rsquo;est-ce que le pass\u00e9, sinon du pr\u00e9sent qui est en retard?\u00a0\u00bb<\/p><cite>Pierre Dac (1893-1975)<\/cite><\/blockquote><\/figure>\n\n\n\n<div style=\"height:100px\" aria-hidden=\"true\" class=\"wp-block-spacer\"><\/div>\n\n\n\n<h2 class=\"has-text-align-center has-large-font-size wp-block-heading\"><strong>Sites Internet<\/strong><\/h2>\n\n\n\n<p class=\"has-text-align-center\"><a href=\"http:\/\/perso.numericable.fr\/philisej\/accueil.htm\" target=\"_blank\" rel=\"noreferrer noopener\">Photos anciennes de Vic-sur-C\u00e8re<\/a> : site perso<\/p>\n\n\n\n<p class=\"has-text-align-center\"><a href=\"https:\/\/projet-histoire.com\/comment-retrouver-des-images-de-votre-localite-ou-de-votre-berceau-familial-en-france-et-en-belgique-entre-1940-et-1945\/\" target=\"_blank\" rel=\"noreferrer noopener\">Site Projet-Histoire<\/a> : comment retrouver des images de votre localit\u00e9 en France ou en Belgique entre 1940-1945<\/p>\n\n\n\n<p class=\"has-text-align-center\"><a href=\"https:\/\/charles-de-flahaut.fr\/annuaire-histoire-communes\/\" target=\"_blank\" rel=\"noreferrer noopener\">Annuaire Historique des villes et villages de France<\/a><\/p>\n\n\n\n<p class=\"has-text-align-center\"><a rel=\"noreferrer noopener\" href=\"https:\/\/presselocaleancienne.bnf.fr\/accueil\" target=\"_blank\">Presse locale ancienne<\/a> : site de la BnF<\/p>\n\n\n\n<p class=\"has-text-align-center\"><a rel=\"noreferrer noopener\" href=\"https:\/\/atlas-historique-auvergne.msh.uca.fr\/espace-regional\" target=\"_blank\">Atlas Historique d&rsquo;Auvergne<\/a><\/p>\n\n\n\n<p class=\"has-text-align-center\"><a rel=\"noreferrer noopener\" href=\"https:\/\/laveuveguillotine.pagesperso-orange.fr\/Guillotinesite.html\" target=\"_blank\">Les Guillotin\u00e9s<\/a><\/p>\n\n\n\n<p class=\"has-text-align-center\"><a rel=\"noreferrer noopener\" href=\"https:\/\/www.vieuxmetiers.org\/\" target=\"_blank\">Les M\u00e9tiers de nos Anc\u00eatres<\/a><\/p>\n\n\n\n<p class=\"has-text-align-center\"><a href=\"http:\/\/nava.contact.free.fr\/\" target=\"_blank\" rel=\"noreferrer noopener\">Anc\u00eatres voyageurs ambulants<\/a><\/p>\n\n\n\n<p class=\"has-text-align-center\"><a href=\"https:\/\/verriersdurouergue.over-blog.com\/\" target=\"_blank\" rel=\"noreferrer noopener\">Verriers du Rouergue<\/a><\/p>\n\n\n\n<p class=\"has-text-align-center\"><a href=\"https:\/\/www.genverre.com\/\" target=\"_blank\" rel=\"noreferrer noopener\">GenVerre<\/a> : G\u00e9n\u00e9alogie des Verriers d&rsquo;Europe<\/p>\n\n\n\n<p class=\"has-text-align-center\"><a rel=\"noreferrer noopener\" href=\"https:\/\/gallica.bnf.fr\/html\/und\/cartes\/france-en-cartes\/la-carte-de-cassini?mode=desktop\" target=\"_blank\">Carte de Cassini<\/a><\/p>\n\n\n\n<p class=\"has-text-align-center\"><a rel=\"noreferrer noopener\" href=\"https:\/\/remonterletemps.ign.fr\/\" target=\"_blank\">IGN-Remonter le temps<\/a> : pour observer les \u00e9volutions du territoire<\/p>\n\n\n\n<p class=\"has-text-align-center\"><a rel=\"noreferrer noopener\" href=\"https:\/\/www.oldmapsonline.org\/\" target=\"_blank\">Old Maps Online<\/a> : Trouver de vieilles cartes de lieux <\/p>\n\n\n\n<div style=\"height:100px\" aria-hidden=\"true\" class=\"wp-block-spacer\"><\/div>\n\n\n\n<h2 class=\"has-text-align-center has-x-large-font-size wp-block-heading\"><strong>C\u00f4t\u00e9 Biblioth\u00e8que<\/strong><\/h2>\n\n\n\n<hr class=\"wp-block-separator has-alpha-channel-opacity\"\/>\n\n\n\n<div style=\"height:100px\" aria-hidden=\"true\" class=\"wp-block-spacer\"><\/div>\n\n\n\n<h2 class=\"has-text-align-center has-large-font-size wp-block-heading\"><strong>Vie quotidienne<\/strong><\/h2>\n\n\n\n<div class=\"wp-block-columns alignwide is-layout-flex wp-container-5 wp-block-columns-is-layout-flex\">\n<div class=\"wp-block-column is-layout-flow wp-block-column-is-layout-flow\"><div class=\"wp-block-image\">\n<figure class=\"aligncenter size-large is-resized\"><img decoding=\"async\" loading=\"lazy\" src=\"http:\/\/www.genea92nord.fr\/images\/GENEACANTAL\/horvath-cantal-autrefois-vie-quotidienne.jpeg\" alt=\"\" width=\"316\" height=\"428\"\/><\/figure><\/div><\/div>\n\n\n\n<div class=\"wp-block-column is-layout-flow wp-block-column-is-layout-flow\"><div class=\"wp-block-image\">\n<figure class=\"aligncenter size-large is-resized\"><img decoding=\"async\" loading=\"lazy\" src=\"http:\/\/www.genea92nord.fr\/images\/GENEACANTAL\/taurant-cantal-hier-1900-1920.jpeg\" alt=\"\" width=\"322\" height=\"428\"\/><\/figure><\/div><\/div>\n\n\n\n<div class=\"wp-block-column is-layout-flow wp-block-column-is-layout-flow\"><div class=\"wp-block-image\">\n<figure class=\"aligncenter size-large is-resized\"><img decoding=\"async\" loading=\"lazy\" src=\"http:\/\/www.genea92nord.fr\/images\/GENEACANTAL\/taurant-memoires-hier-cantal-1900-1920.jpeg\" alt=\"\" width=\"340\" height=\"429\"\/><\/figure><\/div><\/div>\n\n\n\n<div class=\"wp-block-column is-layout-flow wp-block-column-is-layout-flow\"><div class=\"wp-block-image\">\n<figure class=\"aligncenter size-large is-resized\"><img decoding=\"async\" loading=\"lazy\" src=\"http:\/\/www.genea92nord.fr\/images\/GENEACANTAL\/pouget-vie-quotidienne-cantal-1939-1945.jpeg\" alt=\"\" width=\"299\" height=\"429\"\/><\/figure><\/div><\/div>\n<\/div>\n\n\n\n<div class=\"wp-block-columns alignwide is-layout-flex wp-container-8 wp-block-columns-is-layout-flex\">\n<div class=\"wp-block-column is-layout-flow wp-block-column-is-layout-flow\"><div class=\"wp-block-image\">\n<figure class=\"aligncenter size-large is-resized\"><img decoding=\"async\" loading=\"lazy\" src=\"http:\/\/www.genea92nord.fr\/images\/GENEACANTAL\/pouget-enfances-cantal-1914.jpeg\" alt=\"\" width=\"309\" height=\"429\"\/><\/figure><\/div><\/div>\n\n\n\n<div class=\"wp-block-column is-layout-flow wp-block-column-is-layout-flow\"><div class=\"wp-block-image\">\n<figure class=\"aligncenter size-large is-resized\"><img decoding=\"async\" loading=\"lazy\" src=\"http:\/\/www.genea92nord.fr\/images\/GENEACANTAL\/joubert-maison-papiers-vallee-cere.jpeg\" alt=\"\" width=\"283\" height=\"443\"\/><\/figure><\/div><\/div>\n<\/div>\n\n\n\n<div style=\"height:100px\" aria-hidden=\"true\" class=\"wp-block-spacer\"><\/div>\n\n\n\n<h2 class=\"has-text-align-center has-large-font-size wp-block-heading\"><strong>Morts pour la France<\/strong><\/h2>\n\n\n\n<div class=\"wp-block-columns alignwide is-layout-flex wp-container-12 wp-block-columns-is-layout-flex\">\n<div class=\"wp-block-column is-layout-flow wp-block-column-is-layout-flow\"><div class=\"wp-block-image\">\n<figure class=\"aligncenter size-large is-resized\"><img decoding=\"async\" loading=\"lazy\" src=\"http:\/\/www.genea92nord.fr\/images\/GENEACANTAL\/livre-or-diocese-saint-flour-1914-1919.jpeg\" alt=\"\" width=\"299\" height=\"436\"\/><\/figure><\/div><\/div>\n\n\n\n<div class=\"wp-block-column is-layout-flow wp-block-column-is-layout-flow\"><div class=\"wp-block-image\">\n<figure class=\"aligncenter size-large is-resized\"><img decoding=\"async\" loading=\"lazy\" src=\"http:\/\/www.genea92nord.fr\/images\/GENEACANTAL\/139-regiment-infanterie-aurillac.jpeg\" alt=\"\" width=\"321\" height=\"440\"\/><figcaption class=\"wp-element-caption\">Histoire du 139<sup>\u00e8me<\/sup> avant que la caserne ne devienne civile<\/figcaption><\/figure><\/div><\/div>\n\n\n\n<div class=\"wp-block-column is-layout-flow wp-block-column-is-layout-flow\"><div class=\"wp-block-image\">\n<figure class=\"aligncenter size-large is-resized\"><img decoding=\"async\" loading=\"lazy\" src=\"http:\/\/www.genea92nord.fr\/images\/GENEACANTAL\/memoire-instituteurs-laiques-morts-france.jpeg\" alt=\"\" width=\"311\" height=\"443\"\/><\/figure><\/div><\/div>\n<\/div>\n\n\n\n<div style=\"height:100px\" aria-hidden=\"true\" class=\"wp-block-spacer\"><\/div>\n\n\n\n<h2 class=\"has-text-align-center has-large-font-size wp-block-heading\"><strong>Transports<\/strong><\/h2>\n\n\n\n<div class=\"wp-block-columns alignwide is-layout-flex wp-container-16 wp-block-columns-is-layout-flex\">\n<div class=\"wp-block-column is-layout-flow wp-block-column-is-layout-flow\"><div class=\"wp-block-image\">\n<figure class=\"aligncenter size-large is-resized\"><img decoding=\"async\" loading=\"lazy\" src=\"http:\/\/www.genea92nord.fr\/images\/GENEACANTAL\/revue-auvergne-chemins-fer-cantaliens.jpg\" alt=\"\" width=\"290\" height=\"435\"\/><\/figure><\/div><\/div>\n\n\n\n<div class=\"wp-block-column is-layout-flow wp-block-column-is-layout-flow\"><div class=\"wp-block-image\">\n<figure class=\"aligncenter size-large is-resized\"><img decoding=\"async\" loading=\"lazy\" src=\"http:\/\/www.genea92nord.fr\/images\/GENEACANTAL\/aeronautique-aviation-cantal.jpeg\" alt=\"\" width=\"323\" height=\"437\"\/><figcaption class=\"wp-element-caption\">Les d\u00e9buts de l\u2019aviation dans le Cantal avant la cr\u00e9ation de l\u2019a\u00e9rodrome de Tronqui\u00e8res<\/figcaption><\/figure><\/div><\/div>\n\n\n\n<div class=\"wp-block-column is-layout-flow wp-block-column-is-layout-flow\"><div class=\"wp-block-image\">\n<figure class=\"aligncenter size-large is-resized\"><img decoding=\"async\" loading=\"lazy\" src=\"http:\/\/www.genea92nord.fr\/images\/GENEACANTAL\/trin-diligences-autobus-cantal.jpeg\" alt=\"\" width=\"323\" height=\"439\"\/><figcaption class=\"wp-element-caption\">L\u2019\u00e9volution des transports collectifs jusque dans les ann\u00e9es 1930<\/figcaption><\/figure><\/div><\/div>\n<\/div>\n\n\n\n<div style=\"height:100px\" aria-hidden=\"true\" class=\"wp-block-spacer\"><\/div>\n\n\n\n<h2 class=\"has-text-align-center has-large-font-size wp-block-heading\"><strong>Justice<\/strong><\/h2>\n\n\n\n<div class=\"wp-block-columns alignwide is-layout-flex wp-container-19 wp-block-columns-is-layout-flex\">\n<div class=\"wp-block-column is-layout-flow wp-block-column-is-layout-flow\"><div class=\"wp-block-image\">\n<figure class=\"aligncenter size-large is-resized\"><img decoding=\"async\" loading=\"lazy\" src=\"http:\/\/www.genea92nord.fr\/images\/GENEACANTAL\/pouget-accuse-levez-vous-1914.jpeg\" alt=\"\" width=\"314\" height=\"436\"\/><\/figure><\/div><\/div>\n\n\n\n<div class=\"wp-block-column is-layout-flow wp-block-column-is-layout-flow\"><div class=\"wp-block-image\">\n<figure class=\"aligncenter size-large is-resized\"><img decoding=\"async\" loading=\"lazy\" src=\"http:\/\/www.genea92nord.fr\/images\/GENEACANTAL\/montagne-auvergne-affaires-criminelles-2.jpeg\" alt=\"\" width=\"326\" height=\"435\"\/><\/figure><\/div><\/div>\n<\/div>\n\n\n\n<div style=\"height:100px\" aria-hidden=\"true\" class=\"wp-block-spacer\"><\/div>\n\n\n\n<h2 class=\"has-text-align-center has-large-font-size wp-block-heading\"><strong>M\u00e9tiers<\/strong><\/h2>\n\n\n\n<div class=\"wp-block-columns alignwide is-layout-flex wp-container-24 wp-block-columns-is-layout-flex\">\n<div class=\"wp-block-column is-layout-flow wp-block-column-is-layout-flow\"><div class=\"wp-block-image\">\n<figure class=\"aligncenter size-large is-resized\"><img decoding=\"async\" loading=\"lazy\" src=\"http:\/\/www.genea92nord.fr\/images\/GENEACANTAL\/capujadous-chantiers-sarrans-vallee-noyee-1900-1940.jpeg\" alt=\"\" width=\"310\" height=\"428\"\/><\/figure><\/div><\/div>\n\n\n\n<div class=\"wp-block-column is-layout-flow wp-block-column-is-layout-flow\"><div class=\"wp-block-image\">\n<figure class=\"aligncenter size-large is-resized\"><img decoding=\"async\" loading=\"lazy\" src=\"http:\/\/www.genea92nord.fr\/images\/GENEACANTAL\/bril-watelet-ressources-minerales-cantal.jpeg\" alt=\"\" width=\"293\" height=\"428\"\/><figcaption class=\"wp-element-caption\">La d\u00e9couverte des filons min\u00e9raux et leur exploitation industrielle jusqu\u2019\u00e0 leur fermeture<\/figcaption><\/figure><\/div><\/div>\n\n\n\n<div class=\"wp-block-column is-layout-flow wp-block-column-is-layout-flow\"><div class=\"wp-block-image\">\n<figure class=\"aligncenter size-large is-resized\"><img decoding=\"async\" loading=\"lazy\" src=\"http:\/\/www.genea92nord.fr\/images\/GENEACANTAL\/dalby-paysans-cantaliens-revolution-francaise.jpeg\" alt=\"\" width=\"296\" height=\"428\"\/><\/figure><\/div><\/div>\n\n\n\n<div class=\"wp-block-column is-layout-flow wp-block-column-is-layout-flow\"><div class=\"wp-block-image\">\n<figure class=\"aligncenter size-large is-resized\"><img decoding=\"async\" loading=\"lazy\" src=\"http:\/\/www.genea92nord.fr\/images\/GENEACANTAL\/expositions-2016-marchands-toile-auvergnats.jpeg\" alt=\"\" width=\"306\" height=\"431\"\/><\/figure><\/div><\/div>\n<\/div>\n\n\n\n<div style=\"height:100px\" aria-hidden=\"true\" class=\"wp-block-spacer\"><\/div>\n\n\n\n<h2 class=\"has-text-align-center has-large-font-size wp-block-heading\"><strong>Sport<\/strong><\/h2>\n\n\n\n<div class=\"wp-block-columns alignwide is-layout-flex wp-container-27 wp-block-columns-is-layout-flex\">\n<div class=\"wp-block-column is-layout-flow wp-block-column-is-layout-flow\"><div class=\"wp-block-image\">\n<figure class=\"aligncenter size-large is-resized\"><img decoding=\"async\" loading=\"lazy\" src=\"http:\/\/www.genea92nord.fr\/images\/GENEACANTAL\/pouget-sport-cantal-1914.jpeg\" alt=\"\" width=\"319\" height=\"432\"\/><\/figure><\/div><\/div>\n\n\n\n<div class=\"wp-block-column is-layout-flow wp-block-column-is-layout-flow\"><div class=\"wp-block-image\">\n<figure class=\"aligncenter size-large is-resized\"><img decoding=\"async\" loading=\"lazy\" src=\"http:\/\/www.genea92nord.fr\/images\/GENEACANTAL\/constant-histoire-stade-aurillacois.jpeg\" alt=\"\" width=\"321\" height=\"434\"\/><\/figure><\/div><\/div>\n<\/div>\n\n\n\n<p class=\"has-text-align-right\"><a href=\"https:\/\/www.geneacantal.fr\/index.php\/le-cantal-hier\/\" data-type=\"page\" data-id=\"1015\"><em>Haut de page<\/em><\/a><\/p>\n","protected":false},"excerpt":{"rendered":"<p>Retour : Histoire(s) du Cantal \u00ab\u00a0Qu&rsquo;est-ce que le pass\u00e9, sinon du pr\u00e9sent qui est en retard?\u00a0\u00bb Pierre Dac (1893-1975) Sites Internet Photos anciennes de Vic-sur-C\u00e8re : site perso Site Projet-Histoire : comment retrouver des&#46;&#46;&#46;<\/p>\n","protected":false},"author":1,"featured_media":0,"parent":0,"menu_order":0,"comment_status":"closed","ping_status":"closed","template":"","meta":{"footnotes":""},"_links":{"self":[{"href":"https:\/\/www.geneacantal.fr\/index.php\/wp-json\/wp\/v2\/pages\/1015"}],"collection":[{"href":"https:\/\/www.geneacantal.fr\/index.php\/wp-json\/wp\/v2\/pages"}],"about":[{"href":"https:\/\/www.geneacantal.fr\/index.php\/wp-json\/wp\/v2\/types\/page"}],"author":[{"embeddable":true,"href":"https:\/\/www.geneacantal.fr\/index.php\/wp-json\/wp\/v2\/users\/1"}],"replies":[{"embeddable":true,"href":"https:\/\/www.geneacantal.fr\/index.php\/wp-json\/wp\/v2\/comments?post=1015"}],"version-history":[{"count":52,"href":"https:\/\/www.geneacantal.fr\/index.php\/wp-json\/wp\/v2\/pages\/1015\/revisions"}],"predecessor-version":[{"id":1467,"href":"https:\/\/www.geneacantal.fr\/index.php\/wp-json\/wp\/v2\/pages\/1015\/revisions\/1467"}],"wp:attachment":[{"href":"https:\/\/www.geneacantal.fr\/index.php\/wp-json\/wp\/v2\/media?parent=1015"}],"curies":[{"name":"wp","href":"https:\/\/api.w.org\/{rel}","templated":true}]}}